mposite?
True
Let h(y) = -2*y + 28. Let t be h(8). Suppose 4*b = -t, -b + 514 = 5*l + 72. Is l a prime number?
True
Let i(f) = f**2 + 10*f + 8. Let d be i(-10). Suppose -5*r - 6 = -d*r. Is 6/r + -2 + 232 composite?
False
Let d = 21048 - 14803. Is d a prime number?
False
Suppose -9*y - 1849 + 17464 = 0. Is y a composite number?
True
Suppose 2*x + 2*x = 0. Let l(p) = -65*p + 2. Let c be l(-3). Suppose -c = -h - 2*h - z, 5*h - 4*z - 351 = x. Is h a prime number?
True
Let v = 29784 - -14707. Is v a prime number?
True
Suppose 2*f + 78 = -4*o + 572, 0 = -3*f - 3*o + 747. Is f a prime number?
True
Let n be 303*3/(-15)*20/12. Let k = n + 499. Is k prime?
False
Let n(g) = 27*g**2 + 28*g + 9. Let c be n(-11). Suppose 6*z = 2942 + c. Is z a composite number?
True
Suppose 6*v - 608 = 4*v. Suppose -v + 1289 = o. Is o prime?
False
Let j(d) = 10*d - 1. Let v be (-154)/(-33) + 8/6. Is j(v) composite?
False
Let x = 16189 + -11150. Is x a prime number?
True
Let i(h) = -2 + 483*h**2 - 2*h + 7 - 47*h**2. Let s be i(-3). Suppose -z = 4*z - s. Is z prime?
True
Let s be 0/(5 - 3) - -8808. Suppose -3*c + s = 3033. Is (-6)/4 - c/(-10) prime?
True
Let g = 12240 + -8488. Suppose 4*o + 4*h - g = -0*h, 2*o - 2*h - 1872 = 0. Let l = o - 564. Is l a prime number?
True
Let g be 0*((63/6)/7 - 2). Suppose g = 5*u - 3*p - 1685, 0 = 2*p - 3*p. Is u a composite number?
False
Is 219770/(-10)*(-15 - -14) prime?
True
Let l = 2717 - 1546. Let i = l - 692. Is i a prime number?
True
Suppose -12 = -2*u - 8. Suppose -4*b + 188 = -u*b. Let n = 132 - b. Is n prime?
False
Suppose 2*a - 1134 = -342. Let i = 312 - 545. Let q = a + i. Is q a composite number?
False
Let j be (-2 + 1)/(3/(-9)). Let v = j - -197. Suppose n - v = 47. Is n a prime number?
False
Let o(a) be the second derivative of -a**5/10 - 25*a**4/12 + a**3/3 + 19*a**2 + 19*a. Is o(-17) a composite number?
True
Let t = 4554 - 1683. Is -2*(t/(-6) - 1) a composite number?
True
Suppose -4*o = 0, 0 = 4*g + 10*o - 5*o - 15332. Is g a composite number?
False
Is 4 - ((-5)/(-1) - 2054) a prime number?
True
Let w(b) = -4*b + 4*b - 36*b - 5 - 5*b. Is w(-2) a prime number?
False
Suppose 9799 = -3*l + 4*c + 61554, -4*c + 69044 = 4*l. Is l composite?
False
Suppose 0 = -2*w - 0*w - 5*p + 10, -3*p = w - 5. Suppose w*i + 514 = 3219. Is i a composite number?
False
Let h = 11147 + -6328. Is h a composite number?
True
Let t(r) = 1 + 13*r + 2*r**2 + 24*r**3 - 11*r - 128*r**3. Let d be t(-1). Let f = d + -62. Is f a composite number?
False
Let s(c) be the second derivative of 21*c**5/5 + c**2/2 - 6*c. Let o be s(-1). Let l = o - -134. Is l composite?
True
Let b(l) = -3*l**3 + 13*l**2 - 10*l + 13. Let m(g) = 4*g**3 - 12*g**2 + 10*g - 14. Let k(o) = 3*b(o) + 2*m(o). Is k(10) a composite number?
True
Let r be ((-30)/25)/(1/5). Is (r/3)/(-1) - -807 composite?
False
Suppose 2*k + 3*a = 279, -5*k - 2*a + 434 = -280. Let g = 331 - k. Is g a composite number?
True
Suppose 5*h + 5*d - 70425 = 10*d, 2*h + 5*d - 28198 = 0. Is h composite?
True
Let v = 137 + 357. Let l = 27 + v. Suppose 6*d = 5*d + l. Is d a prime number?
True
Let f be (-18)/(-21)*56/12. Let h be f/18 + 124/9. Suppose 2*k = x + h - 399, -1137 = -3*x - 3*k. Is x prime?
False
Let x(w) = 2*w**2 + w + 10. Let y be x(-3). Suppose c - y + 9 = 0. Suppose 0 = -n - i + c, n + n - i - 29 = 0. Is n a composite number?
True
Let l = 27665 - 13146. Is l a prime number?
True
Let c(x) = 25*x**2 - 7*x - 1. Let m be c(5). Suppose -5*q + 12 = 2*y, 4*y = 6*y + 8. Suppose -q*v + 63 = -m. Is v composite?
False
Let p = 2 - 1. Is ((-3)/9)/(p/(-8229)) prime?
False
Suppose -4*t + 1777 = -0*w + w, 0 = 4*w + 5*t - 7163. Suppose -8*y = -w - 659. Is y a prime number?
True
Let b be 2/(-4)*(-8 - -2). Let m = 298 + b. Is m prime?
False
Let y(z) = z**3 - 17*z**2 + 16*z + 14. Let a be y(16). Let m = a - 10. Suppose -5*k + m*j = -1637, 3*k - 2*k = -3*j + 335. Is k a composite number?
True
Let s be 60/18*342/15. Suppose 422 = 5*z - 4*l, 0 = 3*z - 4*z - 2*l + s. Let j = -59 + z. Is j prime?
True
Let u be -5*((-14)/10 + 1). Suppose -u*y - 3*t = -2*t - 113, -t - 107 = -2*y. Is y a composite number?
True
Let k(g) = -g**3 + 2*g**2 + 3*g - 3. Let j be k(3). Is -2 + 3 - j - (-3494)/2 a composite number?
True
Suppose -4*z = -3*t + 53 + 52, 3*t = 9. Is (z/20)/(6/(-3585)) prime?
False
Let r(j) = 3 + 0 - 1 + 144*j + 96*j. Let n be r(-2). Let c = 777 + n. Is c a composite number?
True
Suppose 9*h - 1341643 = -34*h. Is h a prime number?
False
Let c = 11 - 94. Suppose -m + 3*b - 8 = -345, 5*m + b = 1701. Let a = c + m. Is a a composite number?
False
Suppose 5*r + 4*z - 1169 = 0, 3*r = r - 3*z + 469. Let t = r - 102. Is t a composite number?
False
Let f(a) = -a**3 + 12*a**2 - 9*a + 17. Is f(11) a composite number?
True
Let y(i) = -3*i**3 - 5*i + 7*i**2 + 1 + 4*i**3 - 3*i. Is y(-6) a composite number?
True
Let d = 19 - -8. Let x = d - -310. Is x prime?
True
Let w = 11555 + 3752. Is w a prime number?
True
Let z(a) = 459*a - 700. Is z(21) a composite number?
True
Let y = 2027 - 240. Let g = -652 + y. Is g composite?
True
Is 18923 + (6 + 66/(-12))*0 a prime number?
False
Let o = -68114 - -121957. Is o a prime number?
False
Let h be (-1456)/(-48) - (-1 + (-1)/(-3)). Suppose -h*y = -32*y + 25. Is y a prime number?
False
Let m = -9 + 5. Let z be (46504/12)/(m/(-6)). Suppose -3*k - 2*v = -3503, -5*k + 4*v = v - z. Is k a prime number?
False
Suppose 0 = 5*y - 25, q + 3*q + 5*y - 29101 = 0. Is q a prime number?
False
Let z(j) = 1988*j**2 + 13*j + 10. Is z(-3) a composite number?
False
Let x = -3059 + 5797. Let w be 8/((-4)/(-1210) + 0). Suppose x + w = 2*d. Is d prime?
True
Suppose 0 = 3*y - 4*r - 23130 - 47629, y = -2*r + 23603. Is y prime?
True
Let t(k) = 3371*k - 94. Is t(13) prime?
False
Let n = 33891 - 10460. Is n a composite number?
False
Let q be (-4 - 1226) + (-3 - 15/(-3)). Let r = 789 - q. Is r prime?
True
Let r be (-96)/15 - 4/(-10). Let c be 4/r - 142/(-6). Suppose -3*u + 3*z + c = -154, u - 59 = 3*z. Is u a composite number?
False
Suppose -8*m + 36376 = -0*m. Is m prime?
True
Let u(q) = 3429*q**2 - 5*q + 8. Is u(3) prime?
False
Let n be -15 - 2 - (1 + 2). Let g = n + 11. Is 1138/8 + g/(-12) a composite number?
True
Suppose -3861 = -5*q + 1579. Suppose -1 - 8 = -3*m, n - 5*m = q. Let b = 1656 - n. Is b a composite number?
True
Let p be 11 + 8/12*3. Let u(m) = 4*m + 30. Is u(p) a composite number?
True
Let y(k) = -40*k**3 - k**2 + 4*k + 4. Let q be y(-1). Is 15*1*q + (2 - 6) composite?
True
Let x(y) = 389*y + 48. Let d be ((-14)/(-3))/(-5*6/(-45)). Is x(d) prime?
False
Is 21740/(-8)*(6 - (-152)/(-10)) prime?
False
Suppose -4*o - 3*y + 0*y = -7682, -9*y - 5739 = -3*o. Is o a composite number?
True
Suppose -5*j - 2*h = -45, 2*h - 18 = 3*j - 61. Suppose 0 = j*g - 13*g + 974. Is g a prime number?
True
Is 66697/2 - (-6)/(-24)*-2 a prime number?
True
Suppose 0 = -4*f + 3222 + 2190. Suppose b = -4*m + 441, 7*b - 3*m - f = 4*b. Is b a prime number?
True
Let c(l) = -1132*l + 19. Is c(-4) prime?
True
Let o = -1020 - -1713. Suppose 2*v - 4 = -2*t + 4, -2 = 2*v - 3*t. Suppose v*w - 1963 = -o. Is w prime?
False
Suppose -2 - 18 = -5*y. Suppose -y*j + 5296 = -v - 2268, 2*v = -4*j + 7564. Suppose 299 = 3*w + r - 1103, 3*r = 4*w - j. Is w a composite number?
True
Suppose 0 = -15*q + 227525 + 190090. Is q a composite number?
True
Let t(s) = 161*s + 2. Let f be t(-4). Suppose -7228 = -4*h - 5*i, 3*i - 6*i - 9035 = -5*h. Let z = f + h. Is z prime?
False
Suppose -1980 = -2*a + 2*o, 11*a - 16*a + 4971 = 2*o. Is a a prime number?
False
Let j = 2819 + -1747. Suppose j = 3*p - 3359. Is p a prime number?
False
Let m(y) = 2843*y**2 + 11*y + 9. Is m(-2) composite?
True
Is 1520555/29 - 78/(-1131) a composite number?
False
Let f = -1411 - -3342. Is f composite?
False
Suppose -3*y = -t + 79976, -y = 5*t + 169274 - 569106. Is t composite?
False
Suppose 2*m + 0 = 4*k - 6, -m + 12 = 3*k. Suppose -k*z + 8*z = 3155. Is z a prime number?
True
Suppose 4*d - 16 = -4*t - 0*d, -8 = -2*t + 4*d. Suppose s - 6425 = -t*s. Is s composite?
True
Suppose -4*v = -2*w + 33014, -72348 = -5*w - 6*v + 10139. Is w prime?
False
Let b(y) = 920*y**3 - y**2 - 9*y + 11. Is b(1) prime?
False
Let z be ((-30)/20)/((-3)/(-4)). Let s(v) = -58*v + 3. Let x be s(z). Suppose x + 165 = 4*q. Is q a composite 